30 + -2). Suppose 0 = 8*t - 13*t + q. List the prime factors of t.
211
Let f(m) = 5*m**2 - 11*m + 5726. What are the prime factors of f(0)?
2, 7, 409
Let u(g) = g**2 - 10*g + 76. Let n be u(20). Suppose 4*m - 4*d - 232 = n, 2*d - 366 = -3*m. What are the prime factors of m?
2, 31
List the prime factors of 43 - -6583 - (2 + 10).
2, 3307
Suppose 0 = 153*z - 157*z - 4. List the prime factors of (20/(-15) - -1)/(z/1125).
3, 5
Let c(n) = -n**3 - 8*n**2 + n + 1. Let h be c(-8). Let d be 95 - (3 + (h - -4)). Let q = d + 80. List the prime factors of q.
5, 7
Let m(a) = 12*a**3 + 5*a**2 + 67*a - 416. List the prime factors of m(8).
2, 823
Let u(c) be the first derivative of -c**4/4 + 11*c**3/3 - 5*c**2 - 2*c - 1. Let n = -545 + 554. What are the prime factors of u(n)?
2, 5, 7
Suppose s - 20 = 3*s - 5*z, 10 = -5*z. Let n be (1010/s)/(3/(9/(-2))). Suppose -2*h - 5*j + n = -h, h + j - 105 = 0. What are the prime factors of h?
2, 53
Let h(v) = -2*v**3 + v**2 + 5. Suppose 0 = 4*m - 2*q + 6, 5*m + 28*q - 25*q + 24 = 0. List the prime factors of h(m).
2, 17
Let p = 7937 + -3099. What are the prime factors of p?
2, 41, 59
Let u = -12 - -14. Suppose 4*m - i - 1979 + 47 = 0, 1936 = 4*m - u*i. What are the prime factors of m?
2, 241
Let l = -20 - -32. Suppose 0 = l*k - 16*k + 560. Let c = k - 84. List the prime factors of c.
2, 7
Suppose 644787 + 709169 = 62*k. List the prime factors of k.
2, 61, 179
Let r = -11829 - -15961. What are the prime factors of r?
2, 1033
Let m = 419 + -415. Suppose -m*b = 4*q - 192, -42 = 6*b - 7*b + q. List the prime factors of b.
3, 5
Suppose 8*n - 13197 = 5339. Suppose -273 = 14*f - n. List the prime factors of f.
2, 73
Let o be (2 - 0)*(43/2 + 0). Let m = o - -103. Suppose -4*t - 2 = -m. What are the prime factors of t?
2, 3
What are the prime factors of (-20745)/(-145) - 44/638?
11, 13
Suppose 14*m = 19*m + 1600. Let i = 559 + m. List the prime factors of i.
239
Let p = -610 - -615. Suppose -3*y = p*q - 1609 - 1656, 4356 = 4*y + 4*q. List the prime factors of y.
2, 5, 109
Let o(x) = 389*x**3 + 3*x**2 - 2*x. Let t = 190 - 189. What are the prime factors of o(t)?
2, 3, 5, 13
Suppose 0 = -8*r - 3198 - 4458. Let g = r + 1385. What are the prime factors of g?
2, 107
Let o = 10939 - 4177. List the prime factors of o.
2, 3, 7, 23
Let q(h) = -61 - 31 + 15*h - 9*h. What are the prime factors of q(20)?
2, 7
Let w = 25693 + -6385. List the prime factors of w.
2, 3, 1609
Let j(n) = n**3 + 17*n**2 + 17*n - 21. Let w be j(-16). Let h = w - -40. Suppose -345 = -h*v + 4*g, -4*v - 5*g + 479 = -4*g. List the prime factors of v.
7, 17
Suppose -2*b + 5*z + 4 = 6*z, 2*b = -3*z. Suppose -5*h = -2*m + 691 + 641, 1979 = b*m + 2*h. List the prime factors of m.
661
Let o = -576 + 956. Let s = -73 + o. List the prime factors of s.
307
Let f = 43 - 41. Let a(x) = 50*x - 46*x + 10*x**f - 2 + x**3 - 22. List the prime factors of a(-7).
5, 19
Let d = 58985 - 28040. What are the prime factors of d?
3, 5, 2063
Let h(y) = -3*y**3 + 51*y**2 - 27*y + 69. Let b(x) = -2*x**3 + 34*x**2 - 18*x + 46. Let q(d) = -7*b(d) + 5*h(d). List the prime factors of q(12).
5, 127
Let s = -22 - -165. Suppose 0 = -2*j + s + 473. What are the prime factors of j?
2, 7, 11
Let d(w) = 23*w**2 + 109*w + 7. Let u = -626 - -617. What are the prime factors of d(u)?
7, 127
Let f(s) = 2*s**3 - s**2 + s + 1. Let k(a) = -55*a**3 - 2*a**2 + 5*a. Let d(b) = 2*f(b) - k(b). Let g be 6*(2 + 33/(-18)). What are the prime factors of d(g)?
2, 29
Let i = 8099 - 953. List the prime factors of i.
2, 3, 397
Let j(z) = -9*z - 91. Let d be j(-10). What are the prime factors of 444/((12/8 + d)*4)?
2, 3, 37
What are the prime factors of 43610 - -545 - ((-2)/4)/(6/60)?
2, 3, 5, 23
Let x = 85 + 3965. Suppose x = 15*f - 4440. What are the prime factors of f?
2, 283
Suppose 2413*h - 65286 = 2400*h. List the prime factors of h.
2, 3, 31
Let s(q) = -q**2 - 5*q - 3. Let o be s(-4). Let m(n) = 66*n + 1. Let u be m(o). Suppose -121 = -4*t + u. What are the prime factors of t?
47
List the prime factors of (-43317)/(-2) - (-60)/72*36/20.
2, 3, 5, 19
Suppose 246*c + 8 = 254*c. Let g be ((-8)/10)/((-2)/(-20)). What are the prime factors of (c + 12/g)*-206?
103
Let c = -255 - -260. Suppose -i + 21 = c*a, 3*i - 2*a - 139 = 2*a. List the prime factors of i.
41
Let w be ((-6)/8)/((-5)/20)*9. List the prime factors of (-6428)/(-16) + w/(-36).
401
List the prime factors of (-9)/(-6) - (-930439)/74.
5, 503
Let b = -1077 + 1568. Let f = b + -276. What are the prime factors of f?
5, 43
Let w be 9559/395 + (-12)/10. Suppose -3*c - w*c = -7254. What are the prime factors of c?
3, 31
Suppose 0 = -5*f + 5*y + 40756 + 46129, -260623 = -15*f - y. List the prime factors of f.
5, 139
Let v(z) be the third derivative of z**5/60 + 7*z**4/12 - 23*z**3/6 - 22*z**2. Let w be v(-11). Let s = -28 - w. What are the prime factors of s?
2, 7
Let h = -1239 + 668. Let w = h + 698. List the prime factors of w.
127
Let z(u) = 34*u**2 - 24*u + 64. Let l be z(3). Suppose -h - 51 = -l. What are the prime factors of h?
13, 19
Suppose -38*r + 39*r = -c + 19952, 79807 = 4*c + 5*r. What are the prime factors of c?
3, 739
Suppose 2*w = 9*w - 44786. Suppose 12*m + 1862 - w = 0. Suppose 0*s + m = 3*s. What are the prime factors of s?
2, 3, 7
Let s(j) = 1151*j - 149. What are the prime factors of s(4)?
3, 5, 11
Let l = 58 + -55. Suppose 1236 = 5*g + 4*c, -5*g + l*c - 5*c + 1238 = 0. What are the prime factors of g?
2, 31
Let y be (-15)/(-9)*((-3)/(-15) - -1). Suppose 0 = 2*i - c - 135 + 9, y*i + c - 122 = 0. Let j = 143 - i. List the prime factors of j.
3
Let j(n) = -n + 2 - 4 - 7 + 0. Let b be j(-9). Suppose -4*h - 55 + 479 = b. List the prime factors of h.
2, 53
List the prime factors of -61*(2*138/(-24)*12 - 6).
2, 3, 61
Let p(z) = -z**2 - 22*z + 1670. What are the prime factors of p(0)?
2, 5, 167
Let x = -18330 + 37915. What are the prime factors of x?
5, 3917
Let v = -75 - -15. Let h = -58 - v. What are the prime factors of 34 - (h/(-8) + (-4)/(-16))?
2, 17
Let c be (-2)/(-11)*((-2 - -5) + 8). Suppose -2*o = c*k - 1316, -4*o - o + 5*k = -3260. List the prime factors of o.
5, 131
Suppose -4*a - 132 = -3*o, 176 = -5*o + 9*o - 5*a. Suppose -o*c + 27*c = -21216. List the prime factors of c.
2, 3, 13
Suppose -9*p + 516 + 177 = 0. Suppose 0 = -8*i + 125 - p. List the prime factors of i.
2, 3
Suppose 3*b = -357 + 354, 2*l + 4*b - 129986 = 0. List the prime factors of l.
3, 5, 7, 619
Suppose -5*a - 506 = -3*j, -5*j - 6*a + 910 = -a. Let q = j - 51. What are the prime factors of q?
2, 3, 7
Let o = 2672 - -307. Suppose 38*c + o = 47*c. What are the prime factors of c?
331
Suppose 5*z - 3*w - 2854 = 0, w + w = 2*z - 1140. Suppose 30*c = -z + 19682. What are the prime factors of c?
7, 13
Let n be (1 - 39 - 0)*253/(-46). Let r = 544 + n. List the prime factors of r.
3, 251
Let d be (3 - 2)/(1/75). List the prime factors of 2724/15 + 0 + (-45)/d.
181
Let f(a) = 28*a**2 - 207*a - 31. What are the prime factors of f(20)?
3, 11, 71
Let r = 22542 - -5287. List the prime factors of r.
17, 1637
Let o(b) = 718*b**3 + 6944 - b - 6944. List the prime factors of o(1).
3, 239
Let d(t) = 8*t**2 + 4*t - 5. Let r be d(1). Suppose 3*l - 3*f - 1539 = 0, -4*f + r*f = 2*l - 1024. What are the prime factors of l?
5, 103
Let b(f) = -207*f - 686. What are the prime factors of b(-65)?
113
Let q(t) = t**2 + 16*t**3 + 47*t**3 - t**2 - 2*t. Let m be q(2). Suppose 5*n = m + 20. What are the prime factors of n?
2, 13
Let a = -212 - -589. Let s = 682 - a. List the prime factors of s.
5, 61
Suppose 0 = 18*g - 15*g - 708. Suppose b = -2*l + g + 75, 3*l - b = 464. Let r = l - 79. What are the prime factors of r?
2, 19
Let z(s) = -s**3 - 7*s**2 + 2*s + 2. Let x be z(0). Suppose -2*i - 2*i - 8 = 0, 0 = y + x*i - 185. List the prime factors of y.
3, 7
Let p(c) = -1504*c - 3880. List the prime factors of p(-20).
2, 5, 131
Let y(i) = i**2 + 8*i + 2. Let v be y(-8). Let f(r) = 19 + 48 - 2*r**v + 36*r - 38*r. List the prime factors of f(0).
67
Suppose -2*o = -153044 + 21924. What are the prime factors of (-7 - o/(-56)) + (-6)/(-21)?
2, 3, 97
Suppose -5*x - 4*q = -36, 3*x - 38 = -3*q - 14. Suppose -3*r + 955 = x*m - 883, 8 = -4*r. What are the prime factors of m?
461
What are the prime factors of (-661832)/(